he highest common divisor of j and 52.
13
Let q = -181 + 297. Suppose q*l - 106*l = 110. Calculate the highest common divisor of 1177 and l.
11
Suppose -m + 11 + 7 = 0. Suppose -a + 306 = 5*a. Let o be (a/(-6) + 4)*(-5 + -1). What is the greatest common divisor of m and o?
9
Let n be ((-600)/14)/(-10)*490. What is the highest common factor of n and 168?
84
Let g = 15 - 11. Let k be (-6)/g*(-336)/(4 + -2). What is the greatest common factor of 14 and k?
14
Suppose 13*r + 396 = 2*h + 15*r, 3*h - 594 = r. Calculate the greatest common factor of 30 and h.
6
Suppose h + 50 = 2*p, -100*h = -3*p - 99*h + 72. Suppose 2*i = -2*i + 16. What is the greatest common divisor of p and i?
2
Let v be (-5)/20*-4*6. Calculate the highest common factor of v and 66.
6
Let h = 225 - 231. Let p be (12/(-54)*294)/(4/h). Calculate the highest common factor of p and 42.
14
Suppose -4*f = 5*t - 593 - 148, -30 = 5*f. Let z = -43 + 77. What is the highest common factor of z and t?
17
Suppose 136*h = m + 132*h - 416, 0 = -2*m + 4*h + 848. Calculate the greatest common factor of 112 and m.
16
Let q be 12/(-10)*60/(-18). Suppose -159 = -q*k - 3*o + 30, 0 = 4*o + 4. Calculate the highest common divisor of 16 and k.
16
Let b(k) = 6*k**2 + 107*k - 869. Let f be b(7). Calculate the highest common divisor of f and 6699.
87
Suppose -6*z = -2370 - 90. Suppose 3*o = 5*t - 510, -4*t + o = -o - z. Let y = -695 + 716. Calculate the highest common factor of t and y.
21
Let o(x) = -2*x**2 - 69*x + 478. Let k be o(-40). Calculate the highest common factor of 4427 and k.
19
Let z(w) = w**2 + 4*w + 341. Let s be z(0). Let c = s + -338. Let v(d) = -d**3 - d**2 + 2. Let k be v(0). Calculate the highest common divisor of c and k.
1
Let q be 0 + 805 + 5 - 9. Calculate the greatest common factor of 27 and q.
9
Let b = -4526 - -6220. Calculate the greatest common divisor of 616 and b.
154
Let h = 46 - 30. Let m(l) = -12*l**2 - 1 - 16*l**2 + l**3 - 5*l**2 + 5*l**2 + 7 + 53*l. Let a be m(26). Calculate the greatest common divisor of h and a.
16
Suppose 14*i = -669 + 3609. What is the highest common factor of i and 580?
10
Let u(o) = -4*o**2 + 9*o + 57. Let s be u(8). Let v = s - -211. What is the highest common factor of v and 196?
28
Let j be (-7)/(-7) - (-1 + -1). Let c(x) = 45*x**2 - 11*x - 5. Let q be c(-1). Calculate the highest common factor of j and q.
3
Let p = -11923 + 7076. Let y = -3391 - p. What is the greatest common factor of y and 14?
14
Suppose 10*u - 12*u = 5*a - 6, -u + a + 3 = 0. Let b be u/8 + 21/(-56). Suppose b + 28 = 4*o. What is the greatest common factor of 7 and o?
7
Suppose -5*u + 15 = 0, 2*d + 5*u = 77 + 194. What is the greatest common divisor of d and 4208?
16
Suppose 5*p + 3*q - 667 = 4*q, -5*p + 2*q = -669. Let u(f) = 2*f - 24. Let y be u(13). Let h be (6/9)/(y/57). What is the highest common factor of p and h?
19
Suppose -241*z - 128 = -245*z. What is the greatest common factor of z and 2528?
32
Suppose -99*s = -124*s - 125. Let d be -1*(-498 - (s + 4)*2). Calculate the greatest common divisor of 31 and d.
31
Let b = 311 + -287. Let v be b/((-48)/(-6)) - -38. What is the greatest common factor of v and 287?
41
Let a = -422 - -389. Let o(k) = -k**2 - 43*k - 54. Let x be o(a). Calculate the highest common divisor of x and 12.
12
Let w(f) = f**3 - 30*f - 33. Let q be w(6). Let a be 6/10 - (-7)/5. Suppose 3*h - a*o - 98 = -6*o, h - q*o = 24. What is the highest common factor of h and 45?
15
Let k be (-1403 + (0 - 3))*-5. What is the greatest common factor of k and 570?
190
Suppose 1508 = 49*p + 9*p. What is the highest common divisor of p and 1937?
13
Suppose -3451 = -4*j - 2*v + 901, -2*v = -4*j + 4360. Calculate the greatest common factor of 99 and j.
99
Let c = -20423 - -20579. Calculate the greatest common divisor of c and 636.
12
Let z = 7668 - 7632. Suppose 0 = -3*g + 9, -10 = 3*k - 2*g - 31. Calculate the highest common divisor of z and k.
9
Suppose 0 = -24*k + 91 + 77. Suppose 0 = -k*d - 0*d + 210. What is the highest common divisor of d and 150?
30
Let d = -168 - -221. Suppose -y - 10*r + 13 = -9*r, -3*r = 4*y - d. Calculate the greatest common factor of 112 and y.
14
Let n = -24495 - -24500. Calculate the greatest common factor of 20185 and n.
5
Suppose 23*r + 3*r - 14768 = 0. Let f = 2191 - 2175. Calculate the highest common divisor of r and f.
8
Suppose 5*d = -2*b + 99, -3*b + 5*d = -7*b + 183. Let x be ((-2 - 49) + 2)*(-36)/b. Let h = -39 + x. What is the greatest common divisor of h and 21?
3
Suppose 11546 = -14*i + 22*i - 7662. Calculate the greatest common divisor of i and 49.
49
Suppose 61*s - 32*s - 4872 = 0. Calculate the highest common divisor of s and 546.
42
Let g = 39167 + -26855. Calculate the greatest common divisor of g and 4.
4
Let m(t) = -t**2 - 28*t + 3613. Let c be m(37). What is the highest common divisor of 2 and c?
2
Let g = -6367 + 6408. What is the highest common divisor of 4223 and g?
41
Suppose -12381 = -37*t - 2761. Let a be 2/14 + t/91 + 5. What is the highest common divisor of a and 88?
8
Let a(b) = 486*b + b**2 + 10 - 243*b - 246*b. Let q be a(6). Calculate the greatest common divisor of 35 and q.
7
Suppose f - 46 = -4*f - j, -f + j + 8 = 0. Let v = -11 + 17. Let i(p) = p**2 - 6*p + 6. Let b be i(v). What is the highest common divisor of f and b?
3
Suppose -11*o + 38*o + 5184 = 0. Let w be o/(-21) - 9 - 1224/(-7). Calculate the greatest common divisor of w and 75.
25
Let f = -113 - -114. Let i(p) = -99*p**2 + 4*p - 4. Let n be i(f). Let j = 1 - n. Calculate the greatest common factor of 40 and j.
20
Suppose -j + 112 = 3*i, -12*i + 439 = 4*j - 9*i. Let d = j + -85. Calculate the greatest common factor of 36 and d.
12
Let f(q) = -5*q - 5. Let u be f(-7). Let a = u - 27. Suppose 2*c + 26 = a*w, -6 = -2*w + c + 11. Calculate the highest common factor of w and 1.
1
Let q(b) = 308*b**3 - 2*b**2 - 9*b - 9. Let f be q(-1). Let x = f - -349. Calculate the greatest common divisor of 195 and x.
39
Let q be (((-78)/9)/(4/(-186)))/1. Let c be (0 + -1)*(50 - 81). Calculate the greatest common divisor of c and q.
31
Let h be (0 - -1)*1380/30. Suppose 11*s = -557 + 1569. What is the greatest common factor of h and s?
46
Let n be 35/(-14) - 465/(-30). Calculate the greatest common divisor of 871 and n.
13
Suppose 5*x = -2*l + 2 + 8, x - 4*l = 2. Suppose -20 = -5*v + x*k, -v + 4*k + 3 = -19. Let m = -432 + 435. Calculate the greatest common divisor of v and m.
1
Suppose -4*y + 79*j + 3560 = 81*j, 5*y + 5*j = 4455. What is the highest common factor of 231 and y?
7
Suppose 56*k - 10922 - 3362 = 3860. Calculate the highest common divisor of k and 1377.
81
Let c(j) = -164*j - 154. Let b be c(-1). Calculate the highest common divisor of b and 605.
5
Let q(l) = 71*l - 1. Let h be q(1). Let r = 145 - 40. Let j = r + -77. What is the highest common divisor of h and j?
14
Let x(m) = -7*m + 46. Let c be x(7). Let b be (101 - (-5 - -1))/(-2 - c). Let o = -72 + b. Calculate the greatest common divisor of o and 3.
3
Let j = -170 + 167. Let d be (-39)/(j/(-6)*-6). Calculate the highest common factor of d and 468.
13
Let t be 9/(-81) + (-6302)/(-18). Let f be -2 + 0 - (-1 + 2)*-142. What is the greatest common divisor of f and t?
70
Let r(l) = 32*l - 224. Let t be r(-16). Let b be 6/(((-312)/t)/13). Calculate the highest common factor of 69 and b.
23
Let j(v) = -183*v - 116. Let b be j(-4). Suppose 15*a = -b + 2926. Calculate the greatest common factor of 88 and a.
22
Let v be 69*2*7/(-266)*-19. Suppose 4 = -q, 5*q - 4*q = -4*r + 180. Let t be 3 + r + -2 + -1. What is the greatest common divisor of t and v?
23
Let j(k) = -k**3 - 16*k**2 - 16*k + 51. Let v be j(-15). Suppose -15*q + 174 + v = 0. Calculate the highest common divisor of q and 128.
16
Suppose t - 350 = 112. Let n be (t/(-105))/(-1 + 8/10). Suppose n*y = 1483 - 427. Calculate the highest common factor of y and 64.
16
Let q = 539 + 1. Suppose 0 = -8*u + 5*u + q. Suppose 35*a = 34*a + u. What is the greatest common factor of a and 20?
20
Let j be ((-86)/(-387))/((-4)/108)*74/(-4). What is the highest common factor of j and 6?
3
Let y be ((-3)/6)/(1/(-52)). Suppose -2 = t, -27 = -r + 4*t + 7. What is the greatest common factor of r and y?
26
Let t be (-4)/(-9)*195624/4576. Let v be (-2)/4 + (-6)/(-